{"id":48,"date":"2020-04-08T10:03:59","date_gmt":"2020-04-08T08:03:59","guid":{"rendered":"https:\/\/generativehumanae.ch\/?page_id=48"},"modified":"2023-11-08T14:00:46","modified_gmt":"2023-11-08T13:00:46","slug":"mise-en-puissance-individuelle","status":"publish","type":"page","link":"https:\/\/generativehumanae.ch\/fr\/mise-en-puissance-individuelle\/","title":{"rendered":"Mise en Puissance Individuelle &#8211; Le JE"},"content":{"rendered":"\n<p>Le cabinet GenerativeHumanae met \u00ab&nbsp;en puissance&nbsp;\u00bb les personnes en les pr\u00e9parant et en les accompagnant \u00e0 exprimer leur plein potentiel selon les d\u00e9fis \u00e0 transformer, et ainsi \u00e0 r\u00e9aliser des performances \u00e9lev\u00e9es et p\u00e9rennes au travers de l\u2019engagement, de la comp\u00e9tence, de la coop\u00e9ration et d\u2019un pilotage efficace du changement dans un environnement complexe.<\/p>\n\n\n\n<figure class=\"wp-block-video\"><video autoplay controls poster=\"\" src=\"https:\/\/generativehumanae.ch\/wp-content\/uploads\/2023\/11\/Generative-Sujet-2-02.11.2023.mp4\"><\/video><figcaption>La Mise en Puissance Individuelle &#8211; Le JE<\/figcaption><\/figure>\n\n\n\n<ul class=\"wp-block-list\" id=\"block-82397d5a-9451-4a53-a8a9-b3b229b93a0a\"><li><strong>Mise en lumi\u00e8re des talents<\/strong>, du potentiel et des leviers de progression individuels &#8211; Outil Wave du Groupe Saville<\/li><li><strong>Coaching autour du Grand Projet individuel<\/strong>, de ses enjeux \u00e0 d\u00e9passer et des nouvelles ressources \u00e0 d\u00e9velopper. Mise en place et suivi de la road map personnelle<\/li><li><strong>Mentoring sur les nouvelles postures de leader <\/strong>et les mod\u00e8les de r\u00e9silience, agilit\u00e9, audace et autonomie<\/li><li><strong>M\u00e9diation et gestion de conflits<\/strong><\/li><li><strong>Lectures inspirantes et structurantes<\/strong><\/li><\/ul>\n\n\n\n<div class=\"wp-block-image\"><figure class=\"aligncenter size-large\"><img loading=\"lazy\" decoding=\"async\" width=\"1024\" height=\"576\" src=\"https:\/\/generativehumanae.ch\/wp-content\/uploads\/2023\/10\/13-2-1024x576.png\" alt=\"\" class=\"wp-image-2156\" srcset=\"https:\/\/generativehumanae.ch\/wp-content\/uploads\/2023\/10\/13-2-1024x576.png 1024w, https:\/\/generativehumanae.ch\/wp-content\/uploads\/2023\/10\/13-2-300x169.png 300w, https:\/\/generativehumanae.ch\/wp-content\/uploads\/2023\/10\/13-2-768x432.png 768w, https:\/\/generativehumanae.ch\/wp-content\/uploads\/2023\/10\/13-2-1600x900.png 1600w, https:\/\/generativehumanae.ch\/wp-content\/uploads\/2023\/10\/13-2-1536x864.png 1536w, https:\/\/generativehumanae.ch\/wp-content\/uploads\/2023\/10\/13-2.png 1920w\" sizes=\"auto, (max-width: 1024px) 100vw, 1024px\" \/><\/figure><\/div>\n\n\n\n<figure class=\"wp-block-video\"><video controls poster=\"https:\/\/generativehumanae.ch\/wp-content\/uploads\/2023\/11\/DOPAMINE-copy.png\" src=\"https:\/\/generativehumanae.ch\/wp-content\/uploads\/2023\/11\/Generative-Sujet-6-30.10.2023-3.mp4\"><\/video><\/figure>\n","protected":false},"excerpt":{"rendered":"<p>Le cabinet GenerativeHumanae met \u00ab&nbsp;en puissance&nbsp;\u00bb les personnes en les pr\u00e9parant et en les accompagnant \u00e0 exprimer leur plein potentiel selon les d\u00e9fis \u00e0 transformer, et ainsi \u00e0 r\u00e9aliser des performances \u00e9lev\u00e9es et p\u00e9rennes au travers de l\u2019engagement, de la comp\u00e9tence, de la coop\u00e9ration et d\u2019un pilotage efficace du changement dans un environnement complexe. Mise [&hellip;]<\/p>\n","protected":false},"author":1,"featured_media":2162,"parent":0,"menu_order":0,"comment_status":"closed","ping_status":"closed","template":"","meta":{"_acf_changed":false,"footnotes":""},"class_list":["post-48","page","type-page","status-publish","has-post-thumbnail","hentry"],"acf":[],"yoast_head":"<!-- This site is optimized with the Yoast SEO plugin v24.7 - https:\/\/yoast.com\/wordpress\/plugins\/seo\/ -->\n<title>Mise en Puissance individuelle | valorisez votre potentiel<\/title>\n<meta name=\"description\" content=\"Le Cabinet GenerativeHumanae met \u00ab en puissance \u00bb les personnes en les pr\u00e9parant et en les accompagnant \u00e0 exprimer leur plein potentiel selon les d\u00e9fis\" \/>\n<meta name=\"robots\" content=\"index, follow, max-snippet:-1, max-image-preview:large, max-video-preview:-1\" \/>\n<link rel=\"canonical\" href=\"https:\/\/generativehumanae.ch\/fr\/mise-en-puissance-individuelle\/\" \/>\n<meta property=\"og:locale\" content=\"fr_FR\" \/>\n<meta property=\"og:type\" content=\"article\" \/>\n<meta property=\"og:title\" content=\"Mise en Puissance individuelle | valorisez votre potentiel\" \/>\n<meta property=\"og:description\" content=\"Le Cabinet GenerativeHumanae met \u00ab en puissance \u00bb les personnes en les pr\u00e9parant et en les accompagnant \u00e0 exprimer leur plein potentiel selon les d\u00e9fis\" \/>\n<meta property=\"og:url\" content=\"https:\/\/generativehumanae.ch\/fr\/mise-en-puissance-individuelle\/\" \/>\n<meta property=\"og:site_name\" content=\"Generative Humanae\" \/>\n<meta property=\"article:modified_time\" content=\"2023-11-08T13:00:46+00:00\" \/>\n<meta property=\"og:image\" content=\"https:\/\/generativehumanae.ch\/wp-content\/uploads\/2020\/12\/Pegase-Red-RVB.jpg\" \/>\n\t<meta property=\"og:image:width\" content=\"2368\" \/>\n\t<meta property=\"og:image:height\" content=\"2178\" \/>\n\t<meta property=\"og:image:type\" content=\"image\/jpeg\" \/>\n<meta name=\"twitter:card\" content=\"summary_large_image\" \/>\n<meta name=\"twitter:image\" content=\"https:\/\/generativehumanae.ch\/wp-content\/uploads\/2020\/12\/Pegase-Red-RVB.jpg\" \/>\n<meta name=\"twitter:label1\" content=\"Dur\u00e9e de lecture estim\u00e9e\" \/>\n\t<meta name=\"twitter:data1\" content=\"1 minute\" \/>\n<script type=\"application\/ld+json\" class=\"yoast-schema-graph\">{\"@context\":\"https:\/\/schema.org\",\"@graph\":[{\"@type\":\"WebPage\",\"@id\":\"https:\/\/generativehumanae.ch\/fr\/mise-en-puissance-individuelle\/\",\"url\":\"https:\/\/generativehumanae.ch\/fr\/mise-en-puissance-individuelle\/\",\"name\":\"Mise en Puissance individuelle | valorisez votre potentiel\",\"isPartOf\":{\"@id\":\"https:\/\/generativehumanae.ch\/en\/#website\"},\"primaryImageOfPage\":{\"@id\":\"https:\/\/generativehumanae.ch\/fr\/mise-en-puissance-individuelle\/#primaryimage\"},\"image\":{\"@id\":\"https:\/\/generativehumanae.ch\/fr\/mise-en-puissance-individuelle\/#primaryimage\"},\"thumbnailUrl\":\"https:\/\/generativehumanae.ch\/wp-content\/uploads\/2023\/10\/29.png\",\"datePublished\":\"2020-04-08T08:03:59+00:00\",\"dateModified\":\"2023-11-08T13:00:46+00:00\",\"description\":\"Le Cabinet GenerativeHumanae met \u00ab en puissance \u00bb les personnes en les pr\u00e9parant et en les accompagnant \u00e0 exprimer leur plein potentiel selon les d\u00e9fis\",\"breadcrumb\":{\"@id\":\"https:\/\/generativehumanae.ch\/fr\/mise-en-puissance-individuelle\/#breadcrumb\"},\"inLanguage\":\"fr-FR\",\"potentialAction\":[{\"@type\":\"ReadAction\",\"target\":[\"https:\/\/generativehumanae.ch\/fr\/mise-en-puissance-individuelle\/\"]}]},{\"@type\":\"ImageObject\",\"inLanguage\":\"fr-FR\",\"@id\":\"https:\/\/generativehumanae.ch\/fr\/mise-en-puissance-individuelle\/#primaryimage\",\"url\":\"https:\/\/generativehumanae.ch\/wp-content\/uploads\/2023\/10\/29.png\",\"contentUrl\":\"https:\/\/generativehumanae.ch\/wp-content\/uploads\/2023\/10\/29.png\",\"width\":1920,\"height\":1080},{\"@type\":\"BreadcrumbList\",\"@id\":\"https:\/\/generativehumanae.ch\/fr\/mise-en-puissance-individuelle\/#breadcrumb\",\"itemListElement\":[{\"@type\":\"ListItem\",\"position\":1,\"name\":\"Home\",\"item\":\"https:\/\/generativehumanae.ch\/fr\/\"},{\"@type\":\"ListItem\",\"position\":2,\"name\":\"Mise en Puissance Individuelle &#8211; Le JE\"}]},{\"@type\":\"WebSite\",\"@id\":\"https:\/\/generativehumanae.ch\/en\/#website\",\"url\":\"https:\/\/generativehumanae.ch\/en\/\",\"name\":\"Generative Humanae\",\"description\":\"Get inspired &amp; Inspire\",\"potentialAction\":[{\"@type\":\"SearchAction\",\"target\":{\"@type\":\"EntryPoint\",\"urlTemplate\":\"https:\/\/generativehumanae.ch\/en\/?s={search_term_string}\"},\"query-input\":{\"@type\":\"PropertyValueSpecification\",\"valueRequired\":true,\"valueName\":\"search_term_string\"}}],\"inLanguage\":\"fr-FR\"}]}<\/script>\n<!-- \/ Yoast SEO plugin. -->","yoast_head_json":{"title":"Mise en Puissance individuelle | valorisez votre potentiel","description":"Le Cabinet GenerativeHumanae met \u00ab en puissance \u00bb les personnes en les pr\u00e9parant et en les accompagnant \u00e0 exprimer leur plein potentiel selon les d\u00e9fis","robots":{"index":"index","follow":"follow","max-snippet":"max-snippet:-1","max-image-preview":"max-image-preview:large","max-video-preview":"max-video-preview:-1"},"canonical":"https:\/\/generativehumanae.ch\/fr\/mise-en-puissance-individuelle\/","og_locale":"fr_FR","og_type":"article","og_title":"Mise en Puissance individuelle | valorisez votre potentiel","og_description":"Le Cabinet GenerativeHumanae met \u00ab en puissance \u00bb les personnes en les pr\u00e9parant et en les accompagnant \u00e0 exprimer leur plein potentiel selon les d\u00e9fis","og_url":"https:\/\/generativehumanae.ch\/fr\/mise-en-puissance-individuelle\/","og_site_name":"Generative Humanae","article_modified_time":"2023-11-08T13:00:46+00:00","og_image":[{"width":2368,"height":2178,"url":"https:\/\/generativehumanae.ch\/wp-content\/uploads\/2020\/12\/Pegase-Red-RVB.jpg","type":"image\/jpeg"}],"twitter_card":"summary_large_image","twitter_image":"https:\/\/generativehumanae.ch\/wp-content\/uploads\/2020\/12\/Pegase-Red-RVB.jpg","twitter_misc":{"Dur\u00e9e de lecture estim\u00e9e":"1 minute"},"schema":{"@context":"https:\/\/schema.org","@graph":[{"@type":"WebPage","@id":"https:\/\/generativehumanae.ch\/fr\/mise-en-puissance-individuelle\/","url":"https:\/\/generativehumanae.ch\/fr\/mise-en-puissance-individuelle\/","name":"Mise en Puissance individuelle | valorisez votre potentiel","isPartOf":{"@id":"https:\/\/generativehumanae.ch\/en\/#website"},"primaryImageOfPage":{"@id":"https:\/\/generativehumanae.ch\/fr\/mise-en-puissance-individuelle\/#primaryimage"},"image":{"@id":"https:\/\/generativehumanae.ch\/fr\/mise-en-puissance-individuelle\/#primaryimage"},"thumbnailUrl":"https:\/\/generativehumanae.ch\/wp-content\/uploads\/2023\/10\/29.png","datePublished":"2020-04-08T08:03:59+00:00","dateModified":"2023-11-08T13:00:46+00:00","description":"Le Cabinet GenerativeHumanae met \u00ab en puissance \u00bb les personnes en les pr\u00e9parant et en les accompagnant \u00e0 exprimer leur plein potentiel selon les d\u00e9fis","breadcrumb":{"@id":"https:\/\/generativehumanae.ch\/fr\/mise-en-puissance-individuelle\/#breadcrumb"},"inLanguage":"fr-FR","potentialAction":[{"@type":"ReadAction","target":["https:\/\/generativehumanae.ch\/fr\/mise-en-puissance-individuelle\/"]}]},{"@type":"ImageObject","inLanguage":"fr-FR","@id":"https:\/\/generativehumanae.ch\/fr\/mise-en-puissance-individuelle\/#primaryimage","url":"https:\/\/generativehumanae.ch\/wp-content\/uploads\/2023\/10\/29.png","contentUrl":"https:\/\/generativehumanae.ch\/wp-content\/uploads\/2023\/10\/29.png","width":1920,"height":1080},{"@type":"BreadcrumbList","@id":"https:\/\/generativehumanae.ch\/fr\/mise-en-puissance-individuelle\/#breadcrumb","itemListElement":[{"@type":"ListItem","position":1,"name":"Home","item":"https:\/\/generativehumanae.ch\/fr\/"},{"@type":"ListItem","position":2,"name":"Mise en Puissance Individuelle &#8211; Le JE"}]},{"@type":"WebSite","@id":"https:\/\/generativehumanae.ch\/en\/#website","url":"https:\/\/generativehumanae.ch\/en\/","name":"Generative Humanae","description":"Get inspired &amp; Inspire","potentialAction":[{"@type":"SearchAction","target":{"@type":"EntryPoint","urlTemplate":"https:\/\/generativehumanae.ch\/en\/?s={search_term_string}"},"query-input":{"@type":"PropertyValueSpecification","valueRequired":true,"valueName":"search_term_string"}}],"inLanguage":"fr-FR"}]}},"_links":{"self":[{"href":"https:\/\/generativehumanae.ch\/fr\/wp-json\/wp\/v2\/pages\/48","targetHints":{"allow":["GET"]}}],"collection":[{"href":"https:\/\/generativehumanae.ch\/fr\/wp-json\/wp\/v2\/pages"}],"about":[{"href":"https:\/\/generativehumanae.ch\/fr\/wp-json\/wp\/v2\/types\/page"}],"author":[{"embeddable":true,"href":"https:\/\/generativehumanae.ch\/fr\/wp-json\/wp\/v2\/users\/1"}],"replies":[{"embeddable":true,"href":"https:\/\/generativehumanae.ch\/fr\/wp-json\/wp\/v2\/comments?post=48"}],"version-history":[{"count":42,"href":"https:\/\/generativehumanae.ch\/fr\/wp-json\/wp\/v2\/pages\/48\/revisions"}],"predecessor-version":[{"id":2370,"href":"https:\/\/generativehumanae.ch\/fr\/wp-json\/wp\/v2\/pages\/48\/revisions\/2370"}],"wp:featuredmedia":[{"embeddable":true,"href":"https:\/\/generativehumanae.ch\/fr\/wp-json\/wp\/v2\/media\/2162"}],"wp:attachment":[{"href":"https:\/\/generativehumanae.ch\/fr\/wp-json\/wp\/v2\/media?parent=48"}],"curies":[{"name":"wp","href":"https:\/\/api.w.org\/{rel}","templated":true}]}}

<p>Le cabinet GenerativeHumanae met «&nbsp;en puissance&nbsp;» les personnes en les préparant et en les accompagnant à exprimer leur plein potentiel selon les défis à transformer, et ainsi à réaliser des performances élevées et pérennes au travers de l’engagement, de la compétence, de la coopération et d’un pilotage efficace du changement dans un environnement complexe.</p>



<figure class="wp-block-video"><video autoplay controls poster="" src="https://generativehumanae.ch/wp-content/uploads/2023/11/Generative-Sujet-2-02.11.2023.mp4"></video><figcaption>La Mise en Puissance Individuelle &#8211; Le JE</figcaption></figure>



<ul class="wp-block-list" id="block-82397d5a-9451-4a53-a8a9-b3b229b93a0a"><li><strong>Mise en lumière des talents</strong>, du potentiel et des leviers de progression individuels &#8211; Outil Wave du Groupe Saville</li><li><strong>Coaching autour du Grand Projet individuel</strong>, de ses enjeux à dépasser et des nouvelles ressources à développer. Mise en place et suivi de la road map personnelle</li><li><strong>Mentoring sur les nouvelles postures de leader </strong>et les modèles de résilience, agilité, audace et autonomie</li><li><strong>Médiation et gestion de conflits</strong></li><li><strong>Lectures inspirantes et structurantes</strong></li></ul>



<div class="wp-block-image"><figure class="aligncenter size-large"><img loading="lazy" decoding="async" width="1024" height="576" src="https://generativehumanae.ch/wp-content/uploads/2023/10/13-2-1024x576.png" alt="" class="wp-image-2156" srcset="https://generativehumanae.ch/wp-content/uploads/2023/10/13-2-1024x576.png 1024w, https://generativehumanae.ch/wp-content/uploads/2023/10/13-2-300x169.png 300w, https://generativehumanae.ch/wp-content/uploads/2023/10/13-2-768x432.png 768w, https://generativehumanae.ch/wp-content/uploads/2023/10/13-2-1600x900.png 1600w, https://generativehumanae.ch/wp-content/uploads/2023/10/13-2-1536x864.png 1536w, https://generativehumanae.ch/wp-content/uploads/2023/10/13-2.png 1920w" sizes="auto, (max-width: 1024px) 100vw, 1024px" /></figure></div>



<figure class="wp-block-video"><video controls poster="https://generativehumanae.ch/wp-content/uploads/2023/11/DOPAMINE-copy.png" src="https://generativehumanae.ch/wp-content/uploads/2023/11/Generative-Sujet-6-30.10.2023-3.mp4"></video></figure>

<p>Le cabinet GenerativeHumanae met «&nbsp;en puissance&nbsp;» les personnes en les préparant et en les accompagnant à exprimer leur plein potentiel selon les défis à transformer, et ainsi à réaliser des performances élevées et pérennes au travers de l’engagement, de la compétence, de la coopération et d’un pilotage efficace du changement dans un environnement complexe. Mise [&hellip;]</p>

<!-- This site is optimized with the Yoast SEO plugin v24.7 - https://yoast.com/wordpress/plugins/seo/ -->
<title>Mise en Puissance individuelle | valorisez votre potentiel</title>
<meta name="description" content="Le Cabinet GenerativeHumanae met « en puissance » les personnes en les préparant et en les accompagnant à exprimer leur plein potentiel selon les défis" />
<meta name="robots" content="index, follow, max-snippet:-1, max-image-preview:large, max-video-preview:-1" />
<link rel="canonical" href="https://generativehumanae.ch/fr/mise-en-puissance-individuelle/" />
<meta property="og:locale" content="fr_FR" />
<meta property="og:type" content="article" />
<meta property="og:title" content="Mise en Puissance individuelle | valorisez votre potentiel" />
<meta property="og:description" content="Le Cabinet GenerativeHumanae met « en puissance » les personnes en les préparant et en les accompagnant à exprimer leur plein potentiel selon les défis" />
<meta property="og:url" content="https://generativehumanae.ch/fr/mise-en-puissance-individuelle/" />
<meta property="og:site_name" content="Generative Humanae" />
<meta property="article:modified_time" content="2023-11-08T13:00:46+00:00" />
<meta property="og:image" content="https://generativehumanae.ch/wp-content/uploads/2020/12/Pegase-Red-RVB.jpg" />
	<meta property="og:image:width" content="2368" />
	<meta property="og:image:height" content="2178" />
	<meta property="og:image:type" content="image/jpeg" />
<meta name="twitter:card" content="summary_large_image" />
<meta name="twitter:image" content="https://generativehumanae.ch/wp-content/uploads/2020/12/Pegase-Red-RVB.jpg" />
<meta name="twitter:label1" content="Durée de lecture estimée" />
	<meta name="twitter:data1" content="1 minute" />
<script type="application/ld+json" class="yoast-schema-graph">{"@context":"https://schema.org","@graph":[{"@type":"WebPage","@id":"https://generativehumanae.ch/fr/mise-en-puissance-individuelle/","url":"https://generativehumanae.ch/fr/mise-en-puissance-individuelle/","name":"Mise en Puissance individuelle | valorisez votre potentiel","isPartOf":{"@id":"https://generativehumanae.ch/en/#website"},"primaryImageOfPage":{"@id":"https://generativehumanae.ch/fr/mise-en-puissance-individuelle/#primaryimage"},"image":{"@id":"https://generativehumanae.ch/fr/mise-en-puissance-individuelle/#primaryimage"},"thumbnailUrl":"https://generativehumanae.ch/wp-content/uploads/2023/10/29.png","datePublished":"2020-04-08T08:03:59+00:00","dateModified":"2023-11-08T13:00:46+00:00","description":"Le Cabinet GenerativeHumanae met « en puissance » les personnes en les préparant et en les accompagnant à exprimer leur plein potentiel selon les défis","breadcrumb":{"@id":"https://generativehumanae.ch/fr/mise-en-puissance-individuelle/#breadcrumb"},"inLanguage":"fr-FR","potentialAction":[{"@type":"ReadAction","target":["https://generativehumanae.ch/fr/mise-en-puissance-individuelle/"]}]},{"@type":"ImageObject","inLanguage":"fr-FR","@id":"https://generativehumanae.ch/fr/mise-en-puissance-individuelle/#primaryimage","url":"https://generativehumanae.ch/wp-content/uploads/2023/10/29.png","contentUrl":"https://generativehumanae.ch/wp-content/uploads/2023/10/29.png","width":1920,"height":1080},{"@type":"BreadcrumbList","@id":"https://generativehumanae.ch/fr/mise-en-puissance-individuelle/#breadcrumb","itemListElement":[{"@type":"ListItem","position":1,"name":"Home","item":"https://generativehumanae.ch/fr/"},{"@type":"ListItem","position":2,"name":"Mise en Puissance Individuelle &#8211; Le JE"}]},{"@type":"WebSite","@id":"https://generativehumanae.ch/en/#website","url":"https://generativehumanae.ch/en/","name":"Generative Humanae","description":"Get inspired &amp; Inspire","potentialAction":[{"@type":"SearchAction","target":{"@type":"EntryPoint","urlTemplate":"https://generativehumanae.ch/en/?s={search_term_string}"},"query-input":{"@type":"PropertyValueSpecification","valueRequired":true,"valueName":"search_term_string"}}],"inLanguage":"fr-FR"}]}</script>
<!-- / Yoast SEO plugin. -->

Le Cabinet GenerativeHumanae met « en puissance » les personnes en les préparant et en les accompagnant à exprimer leur plein potentiel selon les défis
