{"version":"1.0","provider_name":"Generative Humanae","provider_url":"https:\/\/generativehumanae.ch\/fr\/","author_name":"admingenerative","author_url":"https:\/\/generativehumanae.ch\/fr\/author\/owner\/","title":"Et si le vaccin de l\u2019anti-fragilit\u00e9 \u00e9tait \u00e0 port\u00e9e de main ? - Generative Humanae","type":"rich","width":600,"height":338,"html":"<blockquote class=\"wp-embedded-content\" data-secret=\"0HQa5AHX82\"><a href=\"https:\/\/generativehumanae.ch\/fr\/entreprise-leadership-churchill\/\">Et si le vaccin de l\u2019anti-fragilit\u00e9 \u00e9tait \u00e0 port\u00e9e de main ?<\/a><\/blockquote><iframe sandbox=\"allow-scripts\" security=\"restricted\" src=\"https:\/\/generativehumanae.ch\/fr\/entreprise-leadership-churchill\/embed\/#?secret=0HQa5AHX82\" width=\"600\" height=\"338\" title=\"\u00ab\u00a0Et si le vaccin de l\u2019anti-fragilit\u00e9 \u00e9tait \u00e0 port\u00e9e de main ?\u00a0\u00bb &#8212; Generative Humanae\" data-secret=\"0HQa5AHX82\" frameborder=\"0\" marginwidth=\"0\" marginheight=\"0\" scrolling=\"no\" class=\"wp-embedded-content\"><\/iframe><script type=\"text\/javascript\">\n\/* <![CDATA[ *\/\n\/*! This file is auto-generated *\/\n!function(d,l){\"use strict\";l.querySelector&&d.addEventListener&&\"undefined\"!=typeof URL&&(d.wp=d.wp||{},d.wp.receiveEmbedMessage||(d.wp.receiveEmbedMessage=function(e){var t=e.data;if((t||t.secret||t.message||t.value)&&!\/[^a-zA-Z0-9]\/.test(t.secret)){for(var s,r,n,a=l.querySelectorAll('iframe[data-secret=\"'+t.secret+'\"]'),o=l.querySelectorAll('blockquote[data-secret=\"'+t.secret+'\"]'),c=new RegExp(\"^https?:$\",\"i\"),i=0;i<o.length;i++)o[i].style.display=\"none\";for(i=0;i<a.length;i++)s=a[i],e.source===s.contentWindow&&(s.removeAttribute(\"style\"),\"height\"===t.message?(1e3<(r=parseInt(t.value,10))?r=1e3:~~r<200&&(r=200),s.height=r):\"link\"===t.message&&(r=new URL(s.getAttribute(\"src\")),n=new URL(t.value),c.test(n.protocol))&&n.host===r.host&&l.activeElement===s&&(d.top.location.href=t.value))}},d.addEventListener(\"message\",d.wp.receiveEmbedMessage,!1),l.addEventListener(\"DOMContentLoaded\",function(){for(var e,t,s=l.querySelectorAll(\"iframe.wp-embedded-content\"),r=0;r<s.length;r++)(t=(e=s[r]).getAttribute(\"data-secret\"))||(t=Math.random().toString(36).substring(2,12),e.src+=\"#?secret=\"+t,e.setAttribute(\"data-secret\",t)),e.contentWindow.postMessage({message:\"ready\",secret:t},\"*\")},!1)))}(window,document);\n\/* ]]> *\/\n<\/script>\n","thumbnail_url":"https:\/\/generativehumanae.ch\/wp-content\/uploads\/2020\/04\/cover-r4x3w1000-5d7797617021d-evolution-1295256-1280.jpg","thumbnail_width":1000,"thumbnail_height":749,"description":"Cet article est paru dans L\u2019Agefi du 19 Avril 2021 Nous n\u2019avons jamais eu autant de capacit\u00e9s technologiques pour pr\u00e9dire le monde. Et malgr\u00e9 tout pr\u00e9domine le sentiment qu\u2019il nous prend de vitesse, nous file entre les doigts. Des doigts agiles et puissants pourtant qui ont su b\u00e2tir le monde actuel \u00e0 coups de grandes [&hellip;]"}

Et si le vaccin de l’anti-fragilité était à portée de main ? - Generative Humanae

<blockquote class="wp-embedded-content" data-secret="0HQa5AHX82"><a href="https://generativehumanae.ch/fr/entreprise-leadership-churchill/">Et si le vaccin de l’anti-fragilité était à portée de main ?</a></blockquote><iframe sandbox="allow-scripts" security="restricted" src="https://generativehumanae.ch/fr/entreprise-leadership-churchill/embed/#?secret=0HQa5AHX82" width="600" height="338" title="« Et si le vaccin de l’anti-fragilité était à portée de main ? » &#8212; Generative Humanae" data-secret="0HQa5AHX82" frameborder="0" marginwidth="0" marginheight="0" scrolling="no" class="wp-embedded-content"></iframe><script type="text/javascript">
/* <![CDATA[ */
/*! This file is auto-generated */
!function(d,l){"use strict";l.querySelector&&d.addEventListener&&"undefined"!=typeof URL&&(d.wp=d.wp||{},d.wp.receiveEmbedMessage||(d.wp.receiveEmbedMessage=function(e){var t=e.data;if((t||t.secret||t.message||t.value)&&!/[^a-zA-Z0-9]/.test(t.secret)){for(var s,r,n,a=l.querySelectorAll('iframe[data-secret="'+t.secret+'"]'),o=l.querySelectorAll('blockquote[data-secret="'+t.secret+'"]'),c=new RegExp("^https?:$","i"),i=0;i<o.length;i++)o[i].style.display="none";for(i=0;i<a.length;i++)s=a[i],e.source===s.contentWindow&&(s.removeAttribute("style"),"height"===t.message?(1e3<(r=parseInt(t.value,10))?r=1e3:~~r<200&&(r=200),s.height=r):"link"===t.message&&(r=new URL(s.getAttribute("src")),n=new URL(t.value),c.test(n.protocol))&&n.host===r.host&&l.activeElement===s&&(d.top.location.href=t.value))}},d.addEventListener("message",d.wp.receiveEmbedMessage,!1),l.addEventListener("DOMContentLoaded",function(){for(var e,t,s=l.querySelectorAll("iframe.wp-embedded-content"),r=0;r<s.length;r++)(t=(e=s[r]).getAttribute("data-secret"))||(t=Math.random().toString(36).substring(2,12),e.src+="#?secret="+t,e.setAttribute("data-secret",t)),e.contentWindow.postMessage({message:"ready",secret:t},"*")},!1)))}(window,document);
/* ]]> */
</script>

Cet article est paru dans L’Agefi du 19 Avril 2021 Nous n’avons jamais eu autant de capacités technologiques pour prédire le monde. Et malgré tout prédomine le sentiment qu’il nous prend de vitesse, nous file entre les doigts. Des doigts agiles et puissants pourtant qui ont su bâtir le monde actuel à coups de grandes [&hellip;]
